test common factor of i and j?
27
Let h = 15 + -41. Let y be (-273)/h*(-2)/(-3). Calculate the greatest common divisor of y and 77.
7
Suppose 1236 = -2*z + 4*x, -x - 1845 = 3*z + 2*x. Let r be z/(-63) + (-6)/(-27). What is the greatest common divisor of r and 90?
10
Let f(d) = d**2 + 12*d - 18. Let k be f(-14). What is the highest common divisor of 45 and k?
5
Let a(k) = -k + 25. Let v be a(19). Suppose -11 = -2*s - y + 10, -s - 2*y = -6. What is the greatest common divisor of v and s?
6
Let k = 3410 + -3314. Suppose 4*i - 56 = 4*c, 4*i + 2*c - 3 - 41 = 0. Calculate the greatest common divisor of k and i.
12
Let q(d) = d**3 + 18*d**2 + 16*d + 16. Let r(v) = v**3 + 21*v**2 + 19*v - 37. Let b be r(-20). Let k be q(b). Calculate the greatest common divisor of 44 and k.
11
Suppose 5*o - 19 = 26. Let t = 82 - 55. Calculate the highest common divisor of t and o.
9
Let t = 79 - 42. Let z = t + 26. Calculate the greatest common divisor of z and 21.
21
Suppose -3*b = -488 - 79. Calculate the highest common divisor of 108 and b.
27
Suppose 0 = 3*w + 6, -5*b + 185*w - 184*w + 102 = 0. Calculate the highest common factor of b and 335.
5
Suppose 5*u + k - 40 = 0, -3*u - 4*k + 3 = -4. Calculate the greatest common divisor of u and 6.
3
Let f(t) = 3*t**3 - 10*t**2 + 20*t - 16. Let m be f(4). Calculate the greatest common factor of 20 and m.
4
Suppose 30*w - 2508 = 19*w. What is the highest common factor of 57 and w?
57
Suppose d = 41 + 15. Suppose 4*u + 2*k = d, -3*k + 44 = 2*u + 2*k. What is the highest common divisor of u and 60?
12
Let h = 1962 + -1002. What is the greatest common divisor of 15 and h?
15
Let z(t) = 2*t**2 - 9*t - 5. Suppose -h = -2*h - 3. Let u be z(h). What is the highest common factor of u and 5?
5
Let s be (4 - 24/(-6))/1. What is the greatest common divisor of 22 and s?
2
Let x = -21 - -35. Let m = -91 - -97. Let t be 4/m + (-1504)/(-12). Calculate the highest common divisor of x and t.
14
Suppose 0 = -4*c + 8*c - 16. Let y be c/(2 - (-45)/(-25)). What is the highest common factor of y and 160?
20
Let w(x) = 277*x**2 - 9*x. Let t be w(-1). Calculate the greatest common factor of 52 and t.
26
Let k(y) be the third derivative of -y**4/12 - 5*y**3/2 + y**2. Let p be k(-11). Suppose 3*c - p = 2*c. What is the greatest common divisor of c and 1?
1
Let c be (-4)/(-8) + (-18)/(-4). Suppose 149 = 2*j - 5*m, j - c*j = -5*m - 293. What is the highest common divisor of 9 and j?
9
Suppose 0*k = -26*k + 1404. What is the greatest common divisor of 405 and k?
27
Suppose -3*q - 5*o + 4 = -0*q, -4*q + 3*o = -44. Suppose q = -r + 77. Calculate the highest common factor of 46 and r.
23
Suppose -4*o - 142 = -2*f, 2*f = -0*f - 2*o + 172. Let g = 16 - 7. Calculate the greatest common factor of g and f.
9
Let n(d) = -d + 12. Let t be n(6). Let p = t + 44. Let o(z) = z**2 + 6*z + 4. Let k be o(-8). Calculate the highest common factor of k and p.
10
Suppose -3*g - 555 = -3*z, 236 = 3*z + g - 327. Calculate the greatest common factor of 17 and z.
17
Let a(f) = -7 + 2*f**2 + 1 - 11*f + 0 - 11. Let y be a(7). Let h be (-4)/8*(y - 92). What is the greatest common divisor of 110 and h?
22
Let g be (-2)/(12/(-15))*-2 - -117. What is the greatest common divisor of 64 and g?
16
Let l = 698 - 671. Calculate the greatest common factor of l and 315.
9
Suppose 0 = -4*k + 24 + 28. Suppose c - 2*s = 4 + 5, -5*c - 5*s = -75. What is the greatest common divisor of c and k?
13
Let s be (23*-1)/(-9 + (-385)/(-44)). Calculate the highest common factor of 253 and s.
23
Suppose s - 2*s + 20 = 0. Let b = 38 - s. Calculate the highest common divisor of 45 and b.
9
Let n = 12 - 8. Suppose d - 5*x = 45, -4*x = n + 8. Calculate the greatest common divisor of 240 and d.
30
Let x(a) = -a**3 + a**2 + 105. Suppose -6 = 4*p - 6. Let w be x(p). Suppose 3*y = q + 47, -3*y + 6*q = 3*q - 51. What is the highest common factor of y and w?
15
Suppose -h - 9 = -29. Suppose -h = d - 5*d. Suppose -3*o - 2*t + 21 = -2*o, -15 = -d*t. Calculate the highest common factor of 60 and o.
15
Suppose 15 = 6*j - 3. Suppose -j*d = -2*f + 5*f - 84, -3*d = 6. Calculate the greatest common divisor of 90 and f.
30
Let d(b) be the first derivative of 4 + 1/3*b**3 + 0*b**2 - b. Let g be d(2). What is the greatest common divisor of 9 and g?
3
Let i be 1/(1/(-2))*-2. Suppose i*g - 2 = m, -3*m - 2*g + 35 + 1 = 0. Let d be 92/6 - (0 + 4/12). Calculate the highest common factor of m and d.
5
Suppose -2*f - 5*n = -2*n - 1531, -n = -3*f + 2313. Calculate the greatest common factor of f and 44.
22
Suppose -426 = -14*a - 146. What is the greatest common factor of a and 40?
20
Suppose 2 = -2*q - 4*u, 5*q - 4*u = 24 - 1. Let y = 2 + q. Let k be 21 + (3 - (-4 - -3)). What is the highest common factor of k and y?
5
Let o be -10*-3*(-1)/(-5). Suppose 0 = -0*f + 2*f - o. Suppose 38 = 4*u - f*k - 67, -4*k = 12. What is the greatest common divisor of u and 36?
12
Let x be -1*16/(4 + -8). Suppose -5*n + 10*n = 4*w - x, -n - 1 = -w. Suppose -2*z + n*z + 22 = 0. Calculate the highest common factor of 55 and z.
11
Let m be 44/8 - (-4)/(16/2). Calculate the highest common factor of m and 6.
6
Let l = 90 - 85. Calculate the greatest common factor of l and 60.
5
Let u be ((-12)/(-15))/(1/60). Let d = 54 + -23. Suppose 4*f + d - 3 = 4*l, 5*l = -5*f + 25. What is the greatest common divisor of l and u?
6
Suppose 25*p - 720 = p. Let b be -6 + (-104)/(-18) + 812/9. Calculate the greatest common divisor of b and p.
30
Suppose 4*n - 172 = -5*z, 3*n - 3*z - 204 = -n. Suppose 0 = 2*s - 2*t - 20, -4*t + 9 = -3*s + 37. What is the greatest common factor of n and s?
12
Let n(o) = 2*o + 6. Let x be n(5). Calculate the highest common factor of 16 and x.
16
Let u be (-15)/(-105) + ((-1341)/(-21) - 1). Calculate the highest common factor of u and 882.
63
Suppose -4*x - 12 = 0, -4*g + 30 = -5*x - 41. Calculate the highest common divisor of g and 602.
14
Suppose 5*y + 145 = 5*x, -4*x + 100 + 1 = -y. What is the greatest common divisor of x and 12?
12
Let o be 1/3*-1*-33. Let q be (-4)/(-1) + -13 + o. Calculate the highest common divisor of q and 3.
1
Let u(i) = -i**3 + i**2 + 7*i + 6. Let q be u(-4). Suppose 2*y = -4*d + q, 25 = -3*y - 4*d + 112. What is the greatest common factor of 29 and y?
29
Let d(m) be the third derivative of 5*m**4/24 + 7*m**3/2 + 40*m**2. Let f be d(-3). Suppose 0 = -0*j - j + 3. Calculate the greatest common divisor of j and f.
3
Suppose -3*l + 0*l + 12 = 0. Let g be 3/(13/3 - l). Suppose 2*y = g + 1. What is the highest common factor of 45 and y?
5
Let k be (-4 - -4) + -6 + 32. What is the greatest common divisor of k and 26?
26
Let t(d) = -d + 13. Let k be t(7). Suppose -8*c + k*c + 8 = 0. Calculate the highest common divisor of 20 and c.
4
Let r(a) = -2*a**2 - 11*a - 3. Let k be r(-4). Let j = -6 + 8. Suppose 0 = z - j*o - 8, 4*z = o + 42 - 17. What is the greatest common divisor of z and k?
3
Suppose r + 0*r - 46 = -4*d, 5*r + 4*d = 246. What is the greatest common divisor of 20 and r?
10
Suppose h + 3 - 2 = -4*z, 2*h + z = 19. Suppose -2*d + 4 + 0 = 0. Suppose 99 = d*c - c. What is the highest common factor of c and h?
11
Suppose 15*h + 1242 = 24*h. Suppose 3*w + 2*w = 0. Suppose w = 5*p - 6*p + 23. Calculate the highest common factor of h and p.
23
Let o = -360 + 414. Calculate the highest common divisor of o and 162.
54
Let v(b) = 2*b + 54. Let h be v(-20). Let i(w) = 5*w**2 + 4*w**2 + 5 - 6. Let n be i(2). Calculate the highest common factor of n and h.
7
Suppose -21*w = -51 - 159. What is the highest common factor of w and 90?
10
Suppose -5*n - 6 = 2*l, 4*l - 1 - 1 = -3*n. Suppose -6 - 9 = 3*o, -l*q - 4*o + 4 = 0. What is the highest common factor of 6 and q?
6
Let h(f) = f**3 - 5*f**2 + 5*f - 17. Let z(l) = 8*l**2 + 2*l - 4. Let w be z(1). Let d be h(w). Calculate the highest common factor of d and 14.
7
Let o be (-107)/(-3) - -3 - (-18)/(-27). Calculate the greatest common divisor of 114 and o.
38
Let v = -16 - -24. Let c = v - 4. Let b be 8/(-2 - (-8)/3). What is the highest common factor of c and b?
4
Let l(f) = -10*f - 1. Let c be l(-3). Let j = 44 - c. Let i be (-172)/(-20) - 9/j. Calculate the highest common divisor of 16 and i.
8
Let g = 85 - -32. Let f(b) = -b**2 + 4*b - 7. Let n be f(5). Let v = 1 - n. What